- 4?
63bd1
In base 13, what is 88a37 + -2?
88a35
In base 11, what is 343 + -891?
-549
In base 15, what is -151 + -44?
-195
In base 13, what is -6b0c4 + 2?
-6b0c2
In base 14, what is -7bb1 + -1?
-7bb2
In base 9, what is -3 + 3013?
3010
In base 9, what is -350 + -120?
-470
In base 2, what is 1011010000001 - 10?
1011001111111
In base 9, what is 27748 - 15?
27733
In base 2, what is 101000111011 - -10111?
101001010010
In base 12, what is -8 + 1883?
1877
In base 16, what is -13 - -b75a?
b747
In base 9, what is 663 - -2876?
3650
In base 2, what is 100000111000 + 1111100?
100010110100
In base 12, what is 344b - -1?
3450
In base 11, what is 17 + -4065?
-4049
In base 14, what is -4274 - 9?
-427d
In base 4, what is 10012 - -3211120?
3221132
In base 3, what is -101020 - -101022?
2
In base 14, what is -397 + -bc3?
-117a
In base 10, what is 40961 - -1?
40962
In base 3, what is -1211 + -221102?
-1000020
In base 14, what is -3d - -895?
856
In base 14, what is 22b - 39?
1d2
In base 8, what is 61 + 3121?
3202
In base 15, what is 7 + 4499?
44a1
In base 8, what is -4061306 - 3?
-4061311
In base 3, what is -21 + -20201200012?
-20201200110
In base 15, what is -460 - -d0?
-380
In base 13, what is -4b3 - -12?
-4a1
In base 7, what is 1 - 301662?
-301661
In base 2, what is -1101010011000 - 11010?
-1101010110010
In base 4, what is -22122 + 313?
-21203
In base 6, what is 1241 + 33413?
35054
In base 14, what is 96453 - 1?
96452
In base 4, what is -2000132 - -323?
-1333203
In base 16, what is 50bea - 5?
50be5
In base 11, what is 202a50 + 11?
202a61
In base 15, what is -271d + c?
-2711
In base 12, what is -1908 + 0?
-1908
In base 13, what is 103 + 1b4?
2b7
In base 2, what is -10111100101000011 + 110000?
-10111100100010011
In base 7, what is 43051212 - -4?
43051216
In base 6, what is -5 - -431021?
431012
In base 9, what is 325521 + -5?
325515
In base 15, what is 142 - -244?
386
In base 10, what is 0 - 39791?
-39791
In base 15, what is 2367 - 5c?
230a
In base 9, what is -1 - 47443?
-47444
In base 16, what is 502c - -9?
5035
In base 12, what is -1b6824 - -5?
-1b681b
In base 2, what is -111111001 - 1100010011?
-10100001100
In base 11, what is 151 + -132?
1a
In base 8, what is -314324 - -5?
-314317
In base 5, what is 411302024 + 0?
411302024
In base 11, what is 4 + -1274?
-1270
In base 9, what is -4 - 21286?
-21301
In base 4, what is 1301 - 1132033?
-1130132
In base 5, what is 0 + -1322201?
-1322201
In base 10, what is 57264 + -3?
57261
In base 10, what is -22313 - 1?
-22314
In base 15, what is -3ead + 4?
-3ea9
In base 14, what is -3c5 - 158?
-53d
In base 13, what is -5 - -81b8?
81b3
In base 10, what is -10 - -76064?
76054
In base 11, what is 179 + -5a3?
-425
In base 10, what is -267480 + -8?
-267488
In base 6, what is 1 + -5551?
-5550
In base 8, what is 6460 + -1521?
4737
In base 10, what is -4314311 + -5?
-4314316
In base 11, what is 25 + -104?
-8a
In base 4, what is -1001302 - 11?
-1001313
In base 12, what is 629 + 90?
6b9
In base 12, what is 1 - -16b15?
16b16
In base 6, what is -2245 + -1514?
-4203
In base 8, what is 551 - -602?
1353
In base 12, what is 0 - 15a673?
-15a673
In base 7, what is 130 + -20652?
-20522
In base 16, what is -305e + 6?
-3058
In base 4, what is -132321 + -1122?
-200103
In base 4, what is 3 - 111320011?
-111320002
In base 7, what is 4053 - 33?
4020
In base 9, what is 3815 + 53?
3868
In base 3, what is -10 - 10000101222?
-10000102002
In base 6, what is 3 - -102023?
102030
In base 4, what is -1332100 - 10?
-1332110
In base 7, what is -1 - -226323?
226322
In base 11, what is 212 + 13289?
134a0
In base 15, what is 0 - -61e6?
61e6
In base 12, what is 1 - -529?
52a
In base 4, what is -12 - 22012?
-22030
In base 10, what is -36 + 795?
759
In base 12, what is -4 + -414627?
-41462b
In base 3, what is 10 + -2221122220?
-2221122210
In base 9, what is 5 - 206631?
-206625
In base 15, what is -5435d - 4?
-54362
In base 6, what is -553 + 521?
-32
In base 9, what is 13 + 53407?
53421
In base 7, what is 1046 - -1331?
2410
In base 11, what is 336 + 6a8?
a33
In base 15, what is -11c - 2b?
-148
In base 2, what is -1001000110001101000 + -100?
-1001000110001101100
In base 4, what is -1 + -1010?
-1011
In base 12, what is 38a5 - -30?
3915
In base 9, what is 108587 + 23?
108621
In base 14, what is 2547 + 57?
25a0
In base 8, what is 0 - 15714?
-15714
In base 15, what is -8395 + -3?
-8398
In base 14, what is 1c772 - -4?
1c776
In base 12, what is -177 + 239?
82
In base 8, what is -47317 + 144?
-47153
In base 8, what is -3361 - -3?
-3356
In base 15, what is 7d3 - -a?
7dd
In base 9, what is 63566 - -4?
63571
In base 15, what is 8391 + 0?
8391
In base 11, what is 78 - 892?
-815
In base 11, what is 3 + 73719a?
7371a2
In base 14, what is 1a8 - 93?
115
In base 15, what is -523c4d - -1?
-523c4c
In base 16, what is 1505 + -c?
14f9
In base 15, what is -76bb - -a9?
-7612
In base 16, what is 7e - 135?
-b7
In base 10, what is 1 - -70499?
70500
In base 10, what is 646620 + 3?
646623
In base 16, what is -36 - 100?
-136
In base 13, what is -277 - -762?
4b8
In base 2, what is -10110110011 + 1101?
-10110100110
In base 6, what is -32120 + -30?
-32150
In base 3, what is -120010222210 + -20?
-120011000000
In base 6, what is 455543 - -3?
455550
In base 3, what is 20220 + 212100?
1010020
In base 5, what is 104 - -40042?
40201
In base 2, what is -1 + 110101010110111?
110101010110110
In base 14, what is -8243 + -14?
-8257
In base 14, what is -7 - 14b8?
-14c1
In base 14, what is 4 + 108c?
1092
In base 3, what is 201 + -2012212110?
-2012211202
In base 15, what is 507 + 1?
508
In base 8, what is 317 + -32?
265
In base 16, what is 1a - -360c?
3626
In base 4, what is 121323 + 20022?
202011
In base 2, what is -11100111 + 1001111100?
110010101
In base 11, what is -305895 + -3?
-305898
In base 16, what is 48 + -70b?
-6c3
In base 13, what is 5b1 + 2?
5b3
In base 3, what is 100210 + -1001000?
-200020
In base 3, what is 10 - 20102022220?
-20102022210
In base 7, what is 1 - 15013312?
-15013311
In base 12, what is -a8a2a + 4?
-a8a26
In base 10, what is -392057 - -5?
-392052
In base 9, what is 1 - -607058?
607060
In base 16, what is 99 - 37c?
-2e3
In base 12, what is 138b1 - 3a?
13873
In base 6, what is 4 + -2214?
-2210
In base 11, what is 676 + -8?
669
In base 5, what is 3 - 2241301?
-2241243
In base 2, what is -1 - -11010011011111101?
11010011011111100
In base 2, what is -1 + -101111010011?
-101111010100
In base 16, what is -1fce4 - -4?
-1fce0
In base 7, what is -11204314 - 5?
-11204322
In base 9, what is 100586 - -5?
100602
In base 10, what is -2536 - -17?
-2519
In base 3, what is -2221 - -120012?
110021
In base 10, what is 801911 + -2?
801909
In base 10, what is 2003 + -10?
1993
In base 2, what is -10011001111001 - 111111?
-10011010111000
In base 15, what is 0 - -10c4e?
10c4e
In base 8, what is -324 - -355?
31
In base 4, what is -1021013011 + -2?
-1021013013
In base 11, what is 234 + -57?
188
In base 6, what is 230 - 150250?
-150020
In base 13, what is 44 - 36?
b
In base 5, what is -10 + 22032?
22022
In base 12, what is -2b445 - 3?
-2b448
In base 15, what is -6 + 63d6?
63d0
In base 13, what is -166883 - -b?
-166875
In base 16, what is 3 + -12434?
-12431
In base 10, what is -6896 + -25?
-6921
In base 4, what is 3000 + 3033?
12033
In base 2, what is -1000111101 + -1110111011?
-10111111000
In base 8, what is 21636 - 14?
21622
In base 12, what is 99 + 1?
9a
In base 4, what is -12 - 10113310?
-10113322
In base 4, what is -2 - 333130230?
-333130232
In base 13, what is 4 - 3c8?
-3c4
In base 12, what is 19 - -1079?
1096
In base 4, what is 1202033 - 32?
1202001
In base 14, what is -386a - 4?
-3870
In base 8, what is -3 - 3270160?
-3270163
In base 13, what is 296 + 16?
2ac
In base 8, what is -31 - -244652?
244621
In base 16, what is 3 - a7c?
-a79
In base 3, what is -1211 - 121202020?
-121211001
In base 12, what is 6b560 - -3?
6b563
In base 2, what is -100 - -1100000100011001?
1100000100010101
In base 7, what is 6 - 30006?
-30000
In base 16, what is bc1 - -c5?
c86
In base 9, what is -477 + 11?
-466
In base 7, what is -304352 - 0?
-304352
In base 13, what is 44b2c - 3?
44b29
In base 14, what is 7 + 17ad2b?
17ad34
In base 16, what is 1 - 2f4f?
-2f4e
In base 13, what is 10a - -28b?
398
In base 10, what is -85 + 1988?
1903
